{"id":279,"date":"2019-04-10T17:48:04","date_gmt":"2019-04-10T20:48:04","guid":{"rendered":"https:\/\/visoarte.com.br\/?page_id=279"},"modified":"2021-11-26T17:10:23","modified_gmt":"2021-11-26T20:10:23","slug":"fotos-de-tubarao","status":"publish","type":"page","link":"https:\/\/visoarte.com.br\/index.php\/fotos-de-tubarao\/","title":{"rendered":"Fotos de Tubar\u00e3o"},"content":{"rendered":"\t\t<div data-elementor-type=\"wp-post\" data-elementor-id=\"279\" class=\"elementor elementor-279\">\n\t\t\t\t\t\t<section class=\"elementor-section elementor-top-section elementor-element elementor-element-e728031 elementor-section-boxed elementor-section-height-default elementor-section-height-default\" data-id=\"e728031\" data-element_type=\"section\" data-settings=\"{&quot;background_background&quot;:&quot;classic&quot;}\">\n\t\t\t\t\t\t<div class=\"elementor-container elementor-column-gap-default\">\n\t\t\t\t\t<div class=\"elementor-column elementor-col-33 elementor-top-column elementor-element elementor-element-60e8f61\" data-id=\"60e8f61\" data-element_type=\"column\">\n\t\t\t<div class=\"elementor-widget-wrap elementor-element-populated\">\n\t\t\t\t\t\t<div class=\"elementor-element elementor-element-aa17a0e elementor-widget elementor-widget-image\" data-id=\"aa17a0e\" data-element_type=\"widget\" data-widget_type=\"image.default\">\n\t\t\t\t<div class=\"elementor-widget-container\">\n\t\t\t\t\t\t\t\t\t\t\t\t\t\t<a href=\"http:\/\/arte.com.br\">\n\t\t\t\t\t\t\t<img decoding=\"async\" width=\"300\" height=\"130\" src=\"https:\/\/visoarte.com.br\/wp-content\/uploads\/2019\/04\/Sem-t\u00edtulo-1-1-300x130.jpg\" class=\"attachment-medium size-medium wp-image-236\" alt=\"\" srcset=\"https:\/\/visoarte.com.br\/wp-content\/uploads\/2019\/04\/Sem-t\u00edtulo-1-1-300x130.jpg 300w, https:\/\/visoarte.com.br\/wp-content\/uploads\/2019\/04\/Sem-t\u00edtulo-1-1-768x333.jpg 768w, https:\/\/visoarte.com.br\/wp-content\/uploads\/2019\/04\/Sem-t\u00edtulo-1-1-1024x444.jpg 1024w, https:\/\/visoarte.com.br\/wp-content\/uploads\/2019\/04\/Sem-t\u00edtulo-1-1-277x120.jpg 277w\" sizes=\"100vw\" \/>\t\t\t\t\t\t\t\t<\/a>\n\t\t\t\t\t\t\t\t\t\t\t\t\t<\/div>\n\t\t\t\t<\/div>\n\t\t\t\t\t<\/div>\n\t\t<\/div>\n\t\t\t\t<div class=\"elementor-column elementor-col-33 elementor-top-column elementor-element elementor-element-0373af1\" data-id=\"0373af1\" data-element_type=\"column\">\n\t\t\t<div class=\"elementor-widget-wrap\">\n\t\t\t\t\t\t\t<\/div>\n\t\t<\/div>\n\t\t\t\t<div class=\"elementor-column elementor-col-33 elementor-top-column elementor-element elementor-element-6fba37b\" data-id=\"6fba37b\" data-element_type=\"column\">\n\t\t\t<div class=\"elementor-widget-wrap elementor-element-populated\">\n\t\t\t\t\t\t<div class=\"elementor-element elementor-element-329eecd elementor-align-center elementor-widget elementor-widget-button\" data-id=\"329eecd\" data-element_type=\"widget\" data-widget_type=\"button.default\">\n\t\t\t\t<div class=\"elementor-widget-container\">\n\t\t\t\t\t<div class=\"elementor-button-wrapper\">\n\t\t\t<a class=\"elementor-button elementor-button-link elementor-size-sm\" href=\"https:\/\/visoarte.com.br\/\" id=\"arte.com.br\">\n\t\t\t\t\t\t<span class=\"elementor-button-content-wrapper\">\n\t\t\t\t\t\t<span class=\"elementor-button-icon elementor-align-icon-right\">\n\t\t\t\t<i aria-hidden=\"true\" class=\"far fa-arrow-alt-circle-right\"><\/i>\t\t\t<\/span>\n\t\t\t\t\t\t\t\t\t<span class=\"elementor-button-text\">HOME<\/span>\n\t\t\t\t\t<\/span>\n\t\t\t\t\t<\/a>\n\t\t<\/div>\n\t\t\t\t<\/div>\n\t\t\t\t<\/div>\n\t\t\t\t\t<\/div>\n\t\t<\/div>\n\t\t\t\t\t<\/div>\n\t\t<\/section>\n\t\t\t\t<section class=\"elementor-section elementor-top-section elementor-element elementor-element-398db53 elementor-section-boxed elementor-section-height-default elementor-section-height-default\" data-id=\"398db53\" data-element_type=\"section\">\n\t\t\t\t\t\t<div class=\"elementor-container elementor-column-gap-default\">\n\t\t\t\t\t<div class=\"elementor-column elementor-col-50 elementor-top-column elementor-element elementor-element-dae69c4\" data-id=\"dae69c4\" data-element_type=\"column\">\n\t\t\t<div class=\"elementor-widget-wrap elementor-element-populated\">\n\t\t\t\t\t\t<div class=\"elementor-element elementor-element-a42fcd2 elementor-widget elementor-widget-image\" data-id=\"a42fcd2\" data-element_type=\"widget\" data-widget_type=\"image.default\">\n\t\t\t\t<div class=\"elementor-widget-container\">\n\t\t\t\t\t\t\t\t\t\t\t\t\t<img fetchpriority=\"high\" decoding=\"async\" width=\"525\" height=\"393\" src=\"https:\/\/visoarte.com.br\/wp-content\/uploads\/2020\/05\/01-Av.-Marcolino-Martins-Cabral-lado-antiga-Unisul-TV.-1-1024x767.jpg\" class=\"attachment-large size-large wp-image-643\" alt=\"\" srcset=\"https:\/\/visoarte.com.br\/wp-content\/uploads\/2020\/05\/01-Av.-Marcolino-Martins-Cabral-lado-antiga-Unisul-TV.-1-1024x767.jpg 1024w, https:\/\/visoarte.com.br\/wp-content\/uploads\/2020\/05\/01-Av.-Marcolino-Martins-Cabral-lado-antiga-Unisul-TV.-1-300x225.jpg 300w, https:\/\/visoarte.com.br\/wp-content\/uploads\/2020\/05\/01-Av.-Marcolino-Martins-Cabral-lado-antiga-Unisul-TV.-1-768x576.jpg 768w\" sizes=\"100vw\" \/>\t\t\t\t\t\t\t\t\t\t\t\t\t<\/div>\n\t\t\t\t<\/div>\n\t\t\t\t<div class=\"elementor-element elementor-element-9eb77ca elementor-widget elementor-widget-image\" data-id=\"9eb77ca\" data-element_type=\"widget\" data-widget_type=\"image.default\">\n\t\t\t\t<div class=\"elementor-widget-container\">\n\t\t\t\t\t\t\t\t\t\t\t\t\t<img decoding=\"async\" width=\"525\" height=\"400\" src=\"https:\/\/visoarte.com.br\/wp-content\/uploads\/2020\/04\/03.02-Av.-Jos\u00e9-Ac\u00e1cio-Moreira-Pr\u00f3x.-ao-Posto-Universit\u00e1rio-Sentido-Unisul.Meio_-1024x780.jpg\" class=\"attachment-large size-large wp-image-604\" alt=\"\" srcset=\"https:\/\/visoarte.com.br\/wp-content\/uploads\/2020\/04\/03.02-Av.-Jos\u00e9-Ac\u00e1cio-Moreira-Pr\u00f3x.-ao-Posto-Universit\u00e1rio-Sentido-Unisul.Meio_-1024x780.jpg 1024w, https:\/\/visoarte.com.br\/wp-content\/uploads\/2020\/04\/03.02-Av.-Jos\u00e9-Ac\u00e1cio-Moreira-Pr\u00f3x.-ao-Posto-Universit\u00e1rio-Sentido-Unisul.Meio_-300x228.jpg 300w, https:\/\/visoarte.com.br\/wp-content\/uploads\/2020\/04\/03.02-Av.-Jos\u00e9-Ac\u00e1cio-Moreira-Pr\u00f3x.-ao-Posto-Universit\u00e1rio-Sentido-Unisul.Meio_-768x585.jpg 768w\" sizes=\"100vw\" \/>\t\t\t\t\t\t\t\t\t\t\t\t\t<\/div>\n\t\t\t\t<\/div>\n\t\t\t\t<div class=\"elementor-element elementor-element-2f37129 elementor-widget elementor-widget-image\" data-id=\"2f37129\" data-element_type=\"widget\" data-widget_type=\"image.default\">\n\t\t\t\t<div class=\"elementor-widget-container\">\n\t\t\t\t\t\t\t\t\t\t\t\t\t<img loading=\"lazy\" decoding=\"async\" width=\"525\" height=\"394\" src=\"https:\/\/visoarte.com.br\/wp-content\/uploads\/2020\/04\/04-Av.-Marechal-Deodoro-Beira-Rio.-1024x769.jpg\" class=\"attachment-large size-large wp-image-606\" alt=\"\" srcset=\"https:\/\/visoarte.com.br\/wp-content\/uploads\/2020\/04\/04-Av.-Marechal-Deodoro-Beira-Rio.-1024x769.jpg 1024w, https:\/\/visoarte.com.br\/wp-content\/uploads\/2020\/04\/04-Av.-Marechal-Deodoro-Beira-Rio.-300x225.jpg 300w, https:\/\/visoarte.com.br\/wp-content\/uploads\/2020\/04\/04-Av.-Marechal-Deodoro-Beira-Rio.-768x576.jpg 768w\" sizes=\"100vw\" \/>\t\t\t\t\t\t\t\t\t\t\t\t\t<\/div>\n\t\t\t\t<\/div>\n\t\t\t\t<div class=\"elementor-element elementor-element-e2c7f4a elementor-widget elementor-widget-image\" data-id=\"e2c7f4a\" data-element_type=\"widget\" data-widget_type=\"image.default\">\n\t\t\t\t<div class=\"elementor-widget-container\">\n\t\t\t\t\t\t\t\t\t\t\t\t\t<img loading=\"lazy\" decoding=\"async\" width=\"525\" height=\"394\" src=\"https:\/\/visoarte.com.br\/wp-content\/uploads\/2020\/04\/07-Av.-Marcolino-Martins-Cabral-Rotatoria-prox-Farol-shopping-1024x769.jpg\" class=\"attachment-large size-large wp-image-609\" alt=\"\" srcset=\"https:\/\/visoarte.com.br\/wp-content\/uploads\/2020\/04\/07-Av.-Marcolino-Martins-Cabral-Rotatoria-prox-Farol-shopping-1024x769.jpg 1024w, https:\/\/visoarte.com.br\/wp-content\/uploads\/2020\/04\/07-Av.-Marcolino-Martins-Cabral-Rotatoria-prox-Farol-shopping-300x225.jpg 300w, https:\/\/visoarte.com.br\/wp-content\/uploads\/2020\/04\/07-Av.-Marcolino-Martins-Cabral-Rotatoria-prox-Farol-shopping-768x577.jpg 768w\" sizes=\"100vw\" \/>\t\t\t\t\t\t\t\t\t\t\t\t\t<\/div>\n\t\t\t\t<\/div>\n\t\t\t\t<div class=\"elementor-element elementor-element-10d3ecb elementor-widget elementor-widget-image\" data-id=\"10d3ecb\" data-element_type=\"widget\" data-widget_type=\"image.default\">\n\t\t\t\t<div class=\"elementor-widget-container\">\n\t\t\t\t\t\t\t\t\t\t\t\t\t<img loading=\"lazy\" decoding=\"async\" width=\"525\" height=\"394\" src=\"https:\/\/visoarte.com.br\/wp-content\/uploads\/2020\/04\/11.01-Rua-Silvio-Burigo-ap\u00f3s-a-madeireira-cidade-azul-sentido-centro.-Esquerda-1024x768.jpg\" class=\"attachment-large size-large wp-image-614\" alt=\"\" srcset=\"https:\/\/visoarte.com.br\/wp-content\/uploads\/2020\/04\/11.01-Rua-Silvio-Burigo-ap\u00f3s-a-madeireira-cidade-azul-sentido-centro.-Esquerda-1024x768.jpg 1024w, https:\/\/visoarte.com.br\/wp-content\/uploads\/2020\/04\/11.01-Rua-Silvio-Burigo-ap\u00f3s-a-madeireira-cidade-azul-sentido-centro.-Esquerda-300x225.jpg 300w, https:\/\/visoarte.com.br\/wp-content\/uploads\/2020\/04\/11.01-Rua-Silvio-Burigo-ap\u00f3s-a-madeireira-cidade-azul-sentido-centro.-Esquerda-768x576.jpg 768w\" sizes=\"100vw\" \/>\t\t\t\t\t\t\t\t\t\t\t\t\t<\/div>\n\t\t\t\t<\/div>\n\t\t\t\t<div class=\"elementor-element elementor-element-36ff754 elementor-widget elementor-widget-image\" data-id=\"36ff754\" data-element_type=\"widget\" data-widget_type=\"image.default\">\n\t\t\t\t<div class=\"elementor-widget-container\">\n\t\t\t\t\t\t\t\t\t\t\t\t\t<img loading=\"lazy\" decoding=\"async\" width=\"525\" height=\"394\" src=\"https:\/\/visoarte.com.br\/wp-content\/uploads\/2020\/07\/12.01-Av.-Getulio-Vargas-em-Frente-a-Terfal-Sentido-Tubar\u00e3oEsquerda-1024x769.jpg\" class=\"attachment-large size-large wp-image-696\" alt=\"\" srcset=\"https:\/\/visoarte.com.br\/wp-content\/uploads\/2020\/07\/12.01-Av.-Getulio-Vargas-em-Frente-a-Terfal-Sentido-Tubar\u00e3oEsquerda-1024x769.jpg 1024w, https:\/\/visoarte.com.br\/wp-content\/uploads\/2020\/07\/12.01-Av.-Getulio-Vargas-em-Frente-a-Terfal-Sentido-Tubar\u00e3oEsquerda-300x225.jpg 300w, https:\/\/visoarte.com.br\/wp-content\/uploads\/2020\/07\/12.01-Av.-Getulio-Vargas-em-Frente-a-Terfal-Sentido-Tubar\u00e3oEsquerda-768x577.jpg 768w\" sizes=\"100vw\" \/>\t\t\t\t\t\t\t\t\t\t\t\t\t<\/div>\n\t\t\t\t<\/div>\n\t\t\t\t<div class=\"elementor-element elementor-element-454c991 elementor-widget elementor-widget-image\" data-id=\"454c991\" data-element_type=\"widget\" data-widget_type=\"image.default\">\n\t\t\t\t<div class=\"elementor-widget-container\">\n\t\t\t\t\t\t\t\t\t\t\t\t\t<img loading=\"lazy\" decoding=\"async\" width=\"525\" height=\"394\" src=\"https:\/\/visoarte.com.br\/wp-content\/uploads\/2020\/04\/13-Av.-Getulio-Vargas-em-Frente-a-Terfal-Sentido-Capivari-de-Baixo.-1024x768.jpg\" class=\"attachment-large size-large wp-image-618\" alt=\"\" srcset=\"https:\/\/visoarte.com.br\/wp-content\/uploads\/2020\/04\/13-Av.-Getulio-Vargas-em-Frente-a-Terfal-Sentido-Capivari-de-Baixo.-1024x768.jpg 1024w, https:\/\/visoarte.com.br\/wp-content\/uploads\/2020\/04\/13-Av.-Getulio-Vargas-em-Frente-a-Terfal-Sentido-Capivari-de-Baixo.-300x225.jpg 300w, https:\/\/visoarte.com.br\/wp-content\/uploads\/2020\/04\/13-Av.-Getulio-Vargas-em-Frente-a-Terfal-Sentido-Capivari-de-Baixo.-768x576.jpg 768w\" sizes=\"100vw\" \/>\t\t\t\t\t\t\t\t\t\t\t\t\t<\/div>\n\t\t\t\t<\/div>\n\t\t\t\t<div class=\"elementor-element elementor-element-b03895d elementor-widget elementor-widget-image\" data-id=\"b03895d\" data-element_type=\"widget\" data-widget_type=\"image.default\">\n\t\t\t\t<div class=\"elementor-widget-container\">\n\t\t\t\t\t\t\t\t\t\t\t\t\t<img loading=\"lazy\" decoding=\"async\" width=\"525\" height=\"394\" src=\"https:\/\/visoarte.com.br\/wp-content\/uploads\/2020\/04\/20-Av.-Expedicionario-Jos\u00e9-Pedro-Coelho-prox.-a-Unisul.-Sentido-unisul-1024x769.jpg\" class=\"attachment-large size-large wp-image-623\" alt=\"\" srcset=\"https:\/\/visoarte.com.br\/wp-content\/uploads\/2020\/04\/20-Av.-Expedicionario-Jos\u00e9-Pedro-Coelho-prox.-a-Unisul.-Sentido-unisul-1024x769.jpg 1024w, https:\/\/visoarte.com.br\/wp-content\/uploads\/2020\/04\/20-Av.-Expedicionario-Jos\u00e9-Pedro-Coelho-prox.-a-Unisul.-Sentido-unisul-300x225.jpg 300w, https:\/\/visoarte.com.br\/wp-content\/uploads\/2020\/04\/20-Av.-Expedicionario-Jos\u00e9-Pedro-Coelho-prox.-a-Unisul.-Sentido-unisul-768x577.jpg 768w\" sizes=\"100vw\" \/>\t\t\t\t\t\t\t\t\t\t\t\t\t<\/div>\n\t\t\t\t<\/div>\n\t\t\t\t\t<\/div>\n\t\t<\/div>\n\t\t\t\t<div class=\"elementor-column elementor-col-50 elementor-top-column elementor-element elementor-element-54edc96\" data-id=\"54edc96\" data-element_type=\"column\">\n\t\t\t<div class=\"elementor-widget-wrap elementor-element-populated\">\n\t\t\t\t\t\t<div class=\"elementor-element elementor-element-697d3a1 elementor-widget elementor-widget-image\" data-id=\"697d3a1\" data-element_type=\"widget\" data-widget_type=\"image.default\">\n\t\t\t\t<div class=\"elementor-widget-container\">\n\t\t\t\t\t\t\t\t\t\t\t\t\t<img loading=\"lazy\" decoding=\"async\" width=\"525\" height=\"394\" src=\"https:\/\/visoarte.com.br\/wp-content\/uploads\/2020\/04\/03.01-Av.-Jos\u00e9-Ac\u00e1cio-Moreira-Pr\u00f3x.-ao-Posto-Universit\u00e1rio-Sentido-Unisul.Esquerda-1024x769.jpg\" class=\"attachment-large size-large wp-image-603\" alt=\"\" srcset=\"https:\/\/visoarte.com.br\/wp-content\/uploads\/2020\/04\/03.01-Av.-Jos\u00e9-Ac\u00e1cio-Moreira-Pr\u00f3x.-ao-Posto-Universit\u00e1rio-Sentido-Unisul.Esquerda-1024x769.jpg 1024w, https:\/\/visoarte.com.br\/wp-content\/uploads\/2020\/04\/03.01-Av.-Jos\u00e9-Ac\u00e1cio-Moreira-Pr\u00f3x.-ao-Posto-Universit\u00e1rio-Sentido-Unisul.Esquerda-300x225.jpg 300w, https:\/\/visoarte.com.br\/wp-content\/uploads\/2020\/04\/03.01-Av.-Jos\u00e9-Ac\u00e1cio-Moreira-Pr\u00f3x.-ao-Posto-Universit\u00e1rio-Sentido-Unisul.Esquerda-768x577.jpg 768w\" sizes=\"100vw\" \/>\t\t\t\t\t\t\t\t\t\t\t\t\t<\/div>\n\t\t\t\t<\/div>\n\t\t\t\t<div class=\"elementor-element elementor-element-fc33e21 elementor-widget elementor-widget-image\" data-id=\"fc33e21\" data-element_type=\"widget\" data-widget_type=\"image.default\">\n\t\t\t\t<div class=\"elementor-widget-container\">\n\t\t\t\t\t\t\t\t\t\t\t\t\t<img loading=\"lazy\" decoding=\"async\" width=\"525\" height=\"394\" src=\"https:\/\/visoarte.com.br\/wp-content\/uploads\/2020\/04\/03.03-Av.-Jos\u00e9-Ac\u00e1cio-Moreira-Pr\u00f3x.-ao-Posto-Universit\u00e1rio-Sentido-Unisul.Direita-1024x769.jpg\" class=\"attachment-large size-large wp-image-605\" alt=\"\" srcset=\"https:\/\/visoarte.com.br\/wp-content\/uploads\/2020\/04\/03.03-Av.-Jos\u00e9-Ac\u00e1cio-Moreira-Pr\u00f3x.-ao-Posto-Universit\u00e1rio-Sentido-Unisul.Direita-1024x769.jpg 1024w, https:\/\/visoarte.com.br\/wp-content\/uploads\/2020\/04\/03.03-Av.-Jos\u00e9-Ac\u00e1cio-Moreira-Pr\u00f3x.-ao-Posto-Universit\u00e1rio-Sentido-Unisul.Direita-300x225.jpg 300w, https:\/\/visoarte.com.br\/wp-content\/uploads\/2020\/04\/03.03-Av.-Jos\u00e9-Ac\u00e1cio-Moreira-Pr\u00f3x.-ao-Posto-Universit\u00e1rio-Sentido-Unisul.Direita-768x577.jpg 768w\" sizes=\"100vw\" \/>\t\t\t\t\t\t\t\t\t\t\t\t\t<\/div>\n\t\t\t\t<\/div>\n\t\t\t\t<div class=\"elementor-element elementor-element-779ed73 elementor-widget elementor-widget-image\" data-id=\"779ed73\" data-element_type=\"widget\" data-widget_type=\"image.default\">\n\t\t\t\t<div class=\"elementor-widget-container\">\n\t\t\t\t\t\t\t\t\t\t\t\t\t<img loading=\"lazy\" decoding=\"async\" width=\"525\" height=\"394\" src=\"https:\/\/visoarte.com.br\/wp-content\/uploads\/2020\/04\/06-Rua-Pe-Geraldo-Spettmann-antes-da-rodoviaria-ao-lado-ferragens-1024x769.jpg\" class=\"attachment-large size-large wp-image-608\" alt=\"\" srcset=\"https:\/\/visoarte.com.br\/wp-content\/uploads\/2020\/04\/06-Rua-Pe-Geraldo-Spettmann-antes-da-rodoviaria-ao-lado-ferragens-1024x769.jpg 1024w, https:\/\/visoarte.com.br\/wp-content\/uploads\/2020\/04\/06-Rua-Pe-Geraldo-Spettmann-antes-da-rodoviaria-ao-lado-ferragens-300x225.jpg 300w, https:\/\/visoarte.com.br\/wp-content\/uploads\/2020\/04\/06-Rua-Pe-Geraldo-Spettmann-antes-da-rodoviaria-ao-lado-ferragens-768x577.jpg 768w\" sizes=\"100vw\" \/>\t\t\t\t\t\t\t\t\t\t\t\t\t<\/div>\n\t\t\t\t<\/div>\n\t\t\t\t<div class=\"elementor-element elementor-element-04d9a33 elementor-widget elementor-widget-image\" data-id=\"04d9a33\" data-element_type=\"widget\" data-widget_type=\"image.default\">\n\t\t\t\t<div class=\"elementor-widget-container\">\n\t\t\t\t\t\t\t\t\t\t\t\t\t<img loading=\"lazy\" decoding=\"async\" width=\"525\" height=\"394\" src=\"https:\/\/visoarte.com.br\/wp-content\/uploads\/2020\/04\/11.02-Rua-Silvio-Burigo-ap\u00f3s-a-madeireira-cidade-azul-sentido-centro.-Direita-1024x768.jpg\" class=\"attachment-large size-large wp-image-615\" alt=\"\" srcset=\"https:\/\/visoarte.com.br\/wp-content\/uploads\/2020\/04\/11.02-Rua-Silvio-Burigo-ap\u00f3s-a-madeireira-cidade-azul-sentido-centro.-Direita-1024x768.jpg 1024w, https:\/\/visoarte.com.br\/wp-content\/uploads\/2020\/04\/11.02-Rua-Silvio-Burigo-ap\u00f3s-a-madeireira-cidade-azul-sentido-centro.-Direita-300x225.jpg 300w, https:\/\/visoarte.com.br\/wp-content\/uploads\/2020\/04\/11.02-Rua-Silvio-Burigo-ap\u00f3s-a-madeireira-cidade-azul-sentido-centro.-Direita-768x576.jpg 768w\" sizes=\"100vw\" \/>\t\t\t\t\t\t\t\t\t\t\t\t\t<\/div>\n\t\t\t\t<\/div>\n\t\t\t\t<div class=\"elementor-element elementor-element-6919b0b elementor-widget elementor-widget-image\" data-id=\"6919b0b\" data-element_type=\"widget\" data-widget_type=\"image.default\">\n\t\t\t\t<div class=\"elementor-widget-container\">\n\t\t\t\t\t\t\t\t\t\t\t\t\t<img loading=\"lazy\" decoding=\"async\" width=\"525\" height=\"394\" src=\"https:\/\/visoarte.com.br\/wp-content\/uploads\/2020\/07\/12.02-Av.-Getulio-Vargas-em-Frente-a-Terfal-Sentido-Tubar\u00e3oDireita-1024x769.jpg\" class=\"attachment-large size-large wp-image-697\" alt=\"\" srcset=\"https:\/\/visoarte.com.br\/wp-content\/uploads\/2020\/07\/12.02-Av.-Getulio-Vargas-em-Frente-a-Terfal-Sentido-Tubar\u00e3oDireita-1024x769.jpg 1024w, https:\/\/visoarte.com.br\/wp-content\/uploads\/2020\/07\/12.02-Av.-Getulio-Vargas-em-Frente-a-Terfal-Sentido-Tubar\u00e3oDireita-300x225.jpg 300w, https:\/\/visoarte.com.br\/wp-content\/uploads\/2020\/07\/12.02-Av.-Getulio-Vargas-em-Frente-a-Terfal-Sentido-Tubar\u00e3oDireita-768x577.jpg 768w\" sizes=\"100vw\" \/>\t\t\t\t\t\t\t\t\t\t\t\t\t<\/div>\n\t\t\t\t<\/div>\n\t\t\t\t<div class=\"elementor-element elementor-element-7bd99a6 elementor-widget elementor-widget-image\" data-id=\"7bd99a6\" data-element_type=\"widget\" data-widget_type=\"image.default\">\n\t\t\t\t<div class=\"elementor-widget-container\">\n\t\t\t\t\t\t\t\t\t\t\t\t\t<img loading=\"lazy\" decoding=\"async\" width=\"525\" height=\"392\" src=\"https:\/\/visoarte.com.br\/wp-content\/uploads\/2020\/04\/18-Rod.-438-Pr\u00f3ximo-ao-Posto-Pegasus-Sentido-Tubar\u00e3o.-1024x764.jpg\" class=\"attachment-large size-large wp-image-622\" alt=\"\" srcset=\"https:\/\/visoarte.com.br\/wp-content\/uploads\/2020\/04\/18-Rod.-438-Pr\u00f3ximo-ao-Posto-Pegasus-Sentido-Tubar\u00e3o.-1024x764.jpg 1024w, https:\/\/visoarte.com.br\/wp-content\/uploads\/2020\/04\/18-Rod.-438-Pr\u00f3ximo-ao-Posto-Pegasus-Sentido-Tubar\u00e3o.-300x224.jpg 300w, https:\/\/visoarte.com.br\/wp-content\/uploads\/2020\/04\/18-Rod.-438-Pr\u00f3ximo-ao-Posto-Pegasus-Sentido-Tubar\u00e3o.-768x573.jpg 768w\" sizes=\"100vw\" \/>\t\t\t\t\t\t\t\t\t\t\t\t\t<\/div>\n\t\t\t\t<\/div>\n\t\t\t\t<div class=\"elementor-element elementor-element-730c8f7 elementor-widget elementor-widget-image\" data-id=\"730c8f7\" data-element_type=\"widget\" data-widget_type=\"image.default\">\n\t\t\t\t<div class=\"elementor-widget-container\">\n\t\t\t\t\t\t\t\t\t\t\t\t\t<img loading=\"lazy\" decoding=\"async\" width=\"525\" height=\"392\" src=\"https:\/\/visoarte.com.br\/wp-content\/uploads\/2020\/04\/21-Av.-Expedicionario-Jos\u00e9-Pedro-Coelho-prox.-a-Unisul.-Sentido-centro-1024x764.jpg\" class=\"attachment-large size-large wp-image-624\" alt=\"\" srcset=\"https:\/\/visoarte.com.br\/wp-content\/uploads\/2020\/04\/21-Av.-Expedicionario-Jos\u00e9-Pedro-Coelho-prox.-a-Unisul.-Sentido-centro-1024x764.jpg 1024w, https:\/\/visoarte.com.br\/wp-content\/uploads\/2020\/04\/21-Av.-Expedicionario-Jos\u00e9-Pedro-Coelho-prox.-a-Unisul.-Sentido-centro-300x224.jpg 300w, https:\/\/visoarte.com.br\/wp-content\/uploads\/2020\/04\/21-Av.-Expedicionario-Jos\u00e9-Pedro-Coelho-prox.-a-Unisul.-Sentido-centro-768x573.jpg 768w\" sizes=\"100vw\" \/>\t\t\t\t\t\t\t\t\t\t\t\t\t<\/div>\n\t\t\t\t<\/div>\n\t\t\t\t\t<\/div>\n\t\t<\/div>\n\t\t\t\t\t<\/div>\n\t\t<\/section>\n\t\t\t\t<\/div>\n\t\t","protected":false},"excerpt":{"rendered":"<p>HOME<\/p>\n","protected":false},"author":1,"featured_media":0,"parent":0,"menu_order":0,"comment_status":"closed","ping_status":"closed","template":"elementor_canvas","meta":[],"_links":{"self":[{"href":"https:\/\/visoarte.com.br\/index.php\/wp-json\/wp\/v2\/pages\/279"}],"collection":[{"href":"https:\/\/visoarte.com.br\/index.php\/wp-json\/wp\/v2\/pages"}],"about":[{"href":"https:\/\/visoarte.com.br\/index.php\/wp-json\/wp\/v2\/types\/page"}],"author":[{"embeddable":true,"href":"https:\/\/visoarte.com.br\/index.php\/wp-json\/wp\/v2\/users\/1"}],"replies":[{"embeddable":true,"href":"https:\/\/visoarte.com.br\/index.php\/wp-json\/wp\/v2\/comments?post=279"}],"version-history":[{"count":22,"href":"https:\/\/visoarte.com.br\/index.php\/wp-json\/wp\/v2\/pages\/279\/revisions"}],"predecessor-version":[{"id":894,"href":"https:\/\/visoarte.com.br\/index.php\/wp-json\/wp\/v2\/pages\/279\/revisions\/894"}],"wp:attachment":[{"href":"https:\/\/visoarte.com.br\/index.php\/wp-json\/wp\/v2\/media?parent=279"}],"curies":[{"name":"wp","href":"https:\/\/api.w.org\/{rel}","templated":true}]}}